is the units digit of m?
4
Suppose -1671 = 6*d - 9789. What is the hundreds digit of d?
3
Suppose 4*g + 3094 = 9266. What is the units digit of g?
3
Let u(j) = 2*j**2 - 3*j + 348. What is the hundreds digit of u(0)?
3
Let f = -31 - -29. Let z = f + 14. Let s = z - -26. What is the tens digit of s?
3
Suppose 5*m = 20 + 25. Let p be (-6)/(-2)*(-6)/m. What is the units digit of ((-4)/p)/(12/210)?
5
Suppose -4*x - 78 = -262. Suppose 29 + x = -5*m. Let q = 5 - m. What is the tens digit of q?
2
Let m = 4730 - 421. What is the tens digit of m?
0
Let c(n) = n**3 - 5*n**2 + 5*n - 2. Let y be c(3). Let a(s) be the first derivative of s**3/3 + s**2/2 - 10*s + 2. What is the tens digit of a(y)?
1
Suppose 10*c + 1655 = 15*c. Let d = c - 227. What is the tens digit of d?
0
Suppose 3*b - 7 = 5. Suppose 108 = b*p - 92. What is the tens digit of p?
5
Suppose -3366 = -4*n - 5*x, -5*x - 3386 = -32*n + 28*n. What is the tens digit of n?
4
Suppose -15*c + 14*c = -130. Suppose 5*x + c = -3*s + 3*x, 0 = -3*s + 3*x - 135. What is the units digit of 3/2 - s/8?
7
Let w(s) = -18*s**2 + 44*s - 14. Let i(f) = 6*f**2 - 15*f + 5. Let x(g) = -8*i(g) - 3*w(g). What is the tens digit of x(5)?
9
Suppose 101 = -11*t + 13. What is the tens digit of (-2)/t*-1 + 698/8?
8
Let p be (0 + 45/(-1))/(17/51). Let w = p - -240. What is the tens digit of w?
0
Let x(g) = 12*g**2 - 6*g - 13. Let q be x(-6). Suppose -274 = -9*y + q. What is the tens digit of y?
8
What is the units digit of ((-12)/(-5))/(69/26795)?
2
Suppose -3*v + 6 = -2*v - n, -v - 2*n = 0. Suppose 2*f + 5*r - 340 = 0, -r = -v*f + 690 + 12. What is the hundreds digit of f?
1
What is the tens digit of (-3)/(-11) - 979680/(-572)?
1
Let s(p) = -p**3 - p**2 + 1. Let w be s(-2). Suppose -2*b + 5*d = -26, -4*b - w*d + 41 = -71. What is the tens digit of b?
2
Suppose 5*y - 3 = 12. Let d(f) = 3*f - 1 + 2*f**2 - 2 + 7. What is the tens digit of d(y)?
3
Let s(x) = 6*x**2 + 9*x**2 - 1 - 2 - 7*x**2. Let g be s(2). Let w = 49 - g. What is the tens digit of w?
2
Let g(b) = -2*b + 10. Let w(n) = 4*n - 21. Let o(s) = 7*g(s) + 4*w(s). Let k be o(0). What is the tens digit of 2/14 - 348/k?
2
Let m(v) = 4*v**2 - 1. Let l be m(1). Suppose -2*t - l*w + 218 = 0, -2*t - t + 334 = w. Suppose -a + t = 3*f - 0*a, f - 36 = -a. What is the units digit of f?
8
Let r = -119 + 241. Suppose -r = -j - 0*j + d, -580 = -5*j - 5*d. What is the units digit of j?
9
Let w = 67 + -108. Let u = w - -133. What is the tens digit of u?
9
Let b(y) = 7*y**3 - y**2 + 9*y. What is the units digit of b(3)?
7
Let d(p) = -2*p**2 + 5*p. Let v be d(-7). What is the tens digit of (-49)/2*228/v?
4
Suppose 1 = 5*i - 14. Suppose 5*z - 25 = 0, 2*l - 7*l + i*z + 100 = 0. What is the tens digit of l?
2
Let r = -476 - -1552. What is the units digit of r?
6
Let w(m) = m**3 + 7*m**2 + 2*m + 18. Let c be w(-7). Suppose -c*n - 312 = -2*i, 0*i + 4*n = -3*i + 478. What is the units digit of i?
8
Let s(d) = 10 + 19*d + d**3 - d**2 + 9*d**2 + 3*d**2. Let k = 117 + -125. What is the units digit of s(k)?
0
Let y(t) = 24*t**3 + 6*t**2 + 15*t - 115. What is the units digit of y(5)?
0
Let n(x) = -x**2 + 8*x - 7. Let f be n(6). Suppose 0 = -l + f*l - 200. What is the units digit of l?
0
Let b be (-60528)/(-182) - 3*(-1)/7. Suppose a - 3*k + 106 = 2*a, 4*k - b = -3*a. What is the tens digit of a?
1
What is the tens digit of ((-1881)/55)/(6/(-20))?
1
Suppose -4*h = -0*h. Let z(g) = g + 61. Let b be z(h). Let t = b - 41. What is the tens digit of t?
2
Suppose -59 = -2*w - 61. What is the units digit of 44 + -23 - (-3)/w?
8
Suppose -14 - 1 = -b - 3*s, -3*b = -4*s - 6. What is the tens digit of 40 + (-3 - (4 - b))?
3
Let x = 136 + 502. What is the tens digit of x?
3
Suppose -4*f = 5*t - t - 28, 15 = 2*t + 3*f. Suppose -u - 5*n = -t, -n + 30 = 5*u + 4*n. What is the tens digit of u*((-14)/(-4) - 1)?
1
Let b(m) = -757*m + 174. What is the hundreds digit of b(-2)?
6
Let f = 8472 + -5514. What is the hundreds digit of f?
9
Suppose 758*v - 12922 = 751*v. What is the units digit of v?
6
Let r(u) be the second derivative of u**5/20 + 3*u**4/4 - 13*u**3/6 - 5*u**2/2 + 3*u. Let d be r(-10). What is the tens digit of ((-18)/5)/((-5)/d)?
1
Let l(f) be the second derivative of f**4/12 - 2*f**3 + f**2/2 - 13*f. Let g(w) = -7*w. Let v be g(-2). What is the units digit of l(v)?
9
Suppose -70 = 4*f - 5*k, 2*k - 77 - 19 = 5*f. Let o = 128 - f. What is the hundreds digit of o?
1
What is the tens digit of (-44450)/(-100) - (-2)/4 - 6?
3
Let u(c) = 461*c + 58. What is the units digit of u(4)?
2
What is the tens digit of (-331)/((2/(-4))/1)?
6
Suppose 3*o - 3717 = -4*o. What is the hundreds digit of o?
5
Suppose -2*o = 3*o - 120. Let f = 58 - o. What is the tens digit of f?
3
Let u = -158 - -173. What is the units digit of u?
5
What is the units digit of (-6 - (3 - 7)) + 39?
7
Suppose -2224 = -21*u + 25*u. Let r = -384 - u. What is the tens digit of r?
7
Let z = -17 - -19. What is the units digit of (1 - 0)/(z/6)?
3
Let x = 108 + -107. What is the tens digit of x - 2 - (-134 + -14)?
4
Let q(r) = -9*r - 19. Let b(p) = -4*p - 9. Let w(s) = 7*b(s) - 3*q(s). Let f be w(-9). Suppose -f*c = -4 - 71. What is the units digit of c?
5
Suppose -230 = z - 1529. What is the tens digit of z?
9
Let i(d) = 11*d + 48. What is the tens digit of i(21)?
7
Let s(n) = -1582*n + 169. What is the units digit of s(-3)?
5
Suppose -30 = -3*t - 3*t. Suppose -t*f - 8 = -23. What is the units digit of f?
3
Let u be 8 + (0 - (-2)/(-2)). Suppose -2*s - 88 - 52 = -5*w, 5*w = 5*s + 140. Let q = w - u. What is the tens digit of q?
2
Let d(m) = -m**3 + 7*m**2 + 16*m - 1. What is the units digit of d(7)?
1
Suppose -3*b = m - 5*b - 3, b + 21 = 2*m. Let i(x) = 2*x**2 - 17*x + 19. What is the hundreds digit of i(m)?
1
Suppose 0 = 53*n - 100373 + 19866. What is the hundreds digit of n?
5
Let c = -138 + 210. Let x be c/(-15) + 2/(-10). Let z = x + 21. What is the tens digit of z?
1
What is the tens digit of -2 - (-9863)/19 - 14/133?
1
Suppose -s + 503 = 2*r, 5*r + s - 914 = 336. What is the tens digit of r?
4
Let h(y) = 3 + 26*y - 1 + 2 - 5. Let i be h(1). Let o = 64 - i. What is the units digit of o?
9
Suppose 5*q = -2*r + 46, -3*q - 32 = -4*r + 2*q. Let b = 17 + r. What is the units digit of b?
0
Let c = 402 - -136. What is the hundreds digit of c?
5
What is the thousands digit of ((-160)/(-28))/((-3)/(10794/(-4)))?
5
Let q(l) = l**3 - 2*l**2 - 6*l - 4. What is the units digit of q(11)?
9
Let h be (-293)/(4 - 3)*-1. Suppose -3*f = -x + 43, 5*x - h + 94 = -f. What is the units digit of x?
0
Let f(g) = -52*g**3 - 3*g**2 - 2*g - 2. Let i be f(-2). Suppose 5*r = 2*m - 151, 2*r + 43 = -5*m + i. What is the tens digit of m?
7
Let o(v) = -v + 13. Let n be o(9). What is the units digit of (-64 - (n + -4))/(-1)?
4
Suppose 5029 = 5*j - q - 669, 0 = 2*q - 4. What is the hundreds digit of j?
1
Let t be 12*(-1 - (-25)/15). Suppose -h + 51 - 6 = 4*i, -3*h + 39 = 4*i. Suppose 0 = -t*n + i*n - 28. What is the units digit of n?
7
Let o(h) be the first derivative of h**4/4 + 5*h**3/3 - 6*h**2 + 17*h - 4. What is the units digit of o(-7)?
3
Let w = -16 + 53. Let a = w - 34. What is the units digit of a?
3
Let x(w) = 3*w + 21. Let b be x(-10). What is the tens digit of (-2)/(b/((-783)/(-2)))?
8
Let u(z) = -z**2 - 9*z + 24. Let m be u(-12). What is the units digit of -114*(0 + 8/m)?
6
Let s = 2011 - 896. What is the units digit of s?
5
Suppose -6*k + 9*k = -63. Let j be k/(-49)*1*7. Suppose 3*q = -j*r + 35 + 28, 3*q - 3 = 0. What is the tens digit of r?
2
Let g(s) = -3*s - 41. Let r be g(-15). What is the tens digit of (-1)/r - (-3368)/32?
0
Let t = -125 + 130. Let b(r) = r**2 + 2*r - 6. Let k be b(4). Suppose -k = -t*y + 2*y. What is the units digit of y?
6
Let f = 1954 + 485. What is the tens digit of f?
3
Suppose -4*q = -5*f + 66, -2*f + 2*q = -0*f - 28. Let x(v) = 2*v**2 - 15*v + 21. What is the units digit of x(f)?
1
Let p(f) = -f - 12. Let j(u) = 1. Let i(l) = -2*j(l) - p(l). Let y = -466 + 480. What is the units digit of i(y)?
4
Let q = -1554 - -2267. What is the hundreds digit of q?
7
What is the tens digit of 2*(0 + 19680)/12?
8
Let y(o) = 17*o + 77. Let j be y(-19). Let h = 581 + j. What is the units digit of h?
5
Suppose 5*v - a = -18 + 258, -2*a = -2*v + 104. Let h = 